{"id":29,"date":"2024-09-09T18:18:17","date_gmt":"2024-09-09T18:18:17","guid":{"rendered":"https:\/\/jantarempresarial.com\/?page_id=29"},"modified":"2024-09-09T18:36:57","modified_gmt":"2024-09-09T18:36:57","slug":"elementor-29","status":"publish","type":"page","link":"https:\/\/jantarempresarial.com\/","title":{"rendered":"Elementor #29"},"content":{"rendered":"\t\t<div data-elementor-type=\"wp-page\" data-elementor-id=\"29\" class=\"elementor elementor-29\" data-elementor-post-type=\"page\">\n\t\t\t\t<div class=\"elementor-element elementor-element-aa45f2e e-flex e-con-boxed e-con e-parent\" data-id=\"aa45f2e\" data-element_type=\"container\">\n\t\t\t\t\t<div class=\"e-con-inner\">\n\t\t<div class=\"elementor-element elementor-element-d549a4e e-con-full e-flex e-con e-child\" data-id=\"d549a4e\" data-element_type=\"container\">\n\t\t\t\t<\/div>\n\t\t\t\t<div class=\"elementor-element elementor-element-60b5bc4 elementor-widget elementor-widget-heading\" data-id=\"60b5bc4\" data-element_type=\"widget\" data-widget_type=\"heading.default\">\n\t\t\t\t<div class=\"elementor-widget-container\">\n\t\t\t<style>\/*! elementor - v3.23.0 - 05-08-2024 *\/\n.elementor-heading-title{padding:0;margin:0;line-height:1}.elementor-widget-heading .elementor-heading-title[class*=elementor-size-]>a{color:inherit;font-size:inherit;line-height:inherit}.elementor-widget-heading .elementor-heading-title.elementor-size-small{font-size:15px}.elementor-widget-heading .elementor-heading-title.elementor-size-medium{font-size:19px}.elementor-widget-heading .elementor-heading-title.elementor-size-large{font-size:29px}.elementor-widget-heading .elementor-heading-title.elementor-size-xl{font-size:39px}.elementor-widget-heading .elementor-heading-title.elementor-size-xxl{font-size:59px}<\/style><h3 class=\"elementor-heading-title elementor-size-default\">Aos empres\u00e1rios de Taiobeiras e Regi\u00e3o<\/h3>\t\t<\/div>\n\t\t\t\t<\/div>\n\t\t\t\t<div class=\"elementor-element elementor-element-1426792 elementor-widget elementor-widget-image\" data-id=\"1426792\" data-element_type=\"widget\" data-widget_type=\"image.default\">\n\t\t\t\t<div class=\"elementor-widget-container\">\n\t\t\t<style>\/*! elementor - v3.23.0 - 05-08-2024 *\/\n.elementor-widget-image{text-align:center}.elementor-widget-image a{display:inline-block}.elementor-widget-image a img[src$=\".svg\"]{width:48px}.elementor-widget-image img{vertical-align:middle;display:inline-block}<\/style>\t\t\t\t\t\t\t\t\t\t<img fetchpriority=\"high\" decoding=\"async\" width=\"1024\" height=\"576\" src=\"https:\/\/jantarempresarial.com\/wp-content\/uploads\/2024\/09\/JANTAR-EMPRESARIAL_-1-1024x576.png\" class=\"attachment-large size-large wp-image-18\" alt=\"\" srcset=\"https:\/\/jantarempresarial.com\/wp-content\/uploads\/2024\/09\/JANTAR-EMPRESARIAL_-1-1024x576.png 1024w, https:\/\/jantarempresarial.com\/wp-content\/uploads\/2024\/09\/JANTAR-EMPRESARIAL_-1-300x169.png 300w, https:\/\/jantarempresarial.com\/wp-content\/uploads\/2024\/09\/JANTAR-EMPRESARIAL_-1-768x432.png 768w, https:\/\/jantarempresarial.com\/wp-content\/uploads\/2024\/09\/JANTAR-EMPRESARIAL_-1-1536x864.png 1536w, https:\/\/jantarempresarial.com\/wp-content\/uploads\/2024\/09\/JANTAR-EMPRESARIAL_-1-2048x1152.png 2048w\" sizes=\"(max-width: 1024px) 100vw, 1024px\" \/>\t\t\t\t\t\t\t\t\t\t\t\t\t<\/div>\n\t\t\t\t<\/div>\n\t\t<div class=\"elementor-element elementor-element-b95456d e-con-full e-flex e-con e-child\" data-id=\"b95456d\" data-element_type=\"container\">\n\t\t\t\t<div class=\"elementor-element elementor-element-5c527fc elementor-button-warning elementor-widget elementor-widget-button\" data-id=\"5c527fc\" data-element_type=\"widget\" data-settings=\"{&quot;motion_fx_motion_fx_scrolling&quot;:&quot;yes&quot;,&quot;motion_fx_devices&quot;:[&quot;desktop&quot;,&quot;tablet&quot;,&quot;mobile&quot;]}\" data-widget_type=\"button.default\">\n\t\t\t\t<div class=\"elementor-widget-container\">\n\t\t\t\t\t<div class=\"elementor-button-wrapper\">\n\t\t\t<a class=\"elementor-button elementor-button-link elementor-size-sm\" href=\"https:\/\/www.spotform.com.br\/form\/cm0pq5nbd000dtk0j83hhjzwj\">\n\t\t\t\t\t\t<span class=\"elementor-button-content-wrapper\">\n\t\t\t\t\t\t\t\t\t<span class=\"elementor-button-text\">CLIQUE AQUI PARA REALIZAR SUA APLICA\u00c7\u00c3O<\/span>\n\t\t\t\t\t<\/span>\n\t\t\t\t\t<\/a>\n\t\t<\/div>\n\t\t\t\t<\/div>\n\t\t\t\t<\/div>\n\t\t\t\t<\/div>\n\t\t\t\t\t<\/div>\n\t\t\t\t<\/div>\n\t\t\t\t<\/div>\n\t\t","protected":false},"excerpt":{"rendered":"<p>Aos empres\u00e1rios de Taiobeiras e Regi\u00e3o CLIQUE AQUI PARA REALIZAR SUA APLICA\u00c7\u00c3O<\/p>\n","protected":false},"author":1,"featured_media":0,"parent":0,"menu_order":0,"comment_status":"closed","ping_status":"closed","template":"elementor_canvas","meta":{"footnotes":""},"class_list":["post-29","page","type-page","status-publish","hentry"],"_links":{"self":[{"href":"https:\/\/jantarempresarial.com\/index.php?rest_route=\/wp\/v2\/pages\/29","targetHints":{"allow":["GET"]}}],"collection":[{"href":"https:\/\/jantarempresarial.com\/index.php?rest_route=\/wp\/v2\/pages"}],"about":[{"href":"https:\/\/jantarempresarial.com\/index.php?rest_route=\/wp\/v2\/types\/page"}],"author":[{"embeddable":true,"href":"https:\/\/jantarempresarial.com\/index.php?rest_route=\/wp\/v2\/users\/1"}],"replies":[{"embeddable":true,"href":"https:\/\/jantarempresarial.com\/index.php?rest_route=%2Fwp%2Fv2%2Fcomments&post=29"}],"version-history":[{"count":13,"href":"https:\/\/jantarempresarial.com\/index.php?rest_route=\/wp\/v2\/pages\/29\/revisions"}],"predecessor-version":[{"id":45,"href":"https:\/\/jantarempresarial.com\/index.php?rest_route=\/wp\/v2\/pages\/29\/revisions\/45"}],"wp:attachment":[{"href":"https:\/\/jantarempresarial.com\/index.php?rest_route=%2Fwp%2Fv2%2Fmedia&parent=29"}],"curies":[{"name":"wp","href":"https:\/\/api.w.org\/{rel}","templated":true}]}}